{"id":563,"date":"2016-03-02T05:32:03","date_gmt":"2016-03-02T05:32:03","guid":{"rendered":"https:\/\/andpublicidad.com\/andwordpress\/?page_id=563"},"modified":"2023-01-06T03:15:39","modified_gmt":"2023-01-06T03:15:39","slug":"rotulos3d","status":"publish","type":"page","link":"https:\/\/andpublicidad.com\/andwordpress\/rotulos3d\/","title":{"rendered":"R\u00f3tulos 3D \/ Letras en Bloque"},"content":{"rendered":"\t\t<div data-elementor-type=\"wp-post\" data-elementor-id=\"563\" class=\"elementor elementor-563\">\n\t\t\t\t\t\t<section class=\"elementor-section elementor-top-section elementor-element elementor-element-371b02b elementor-section-boxed elementor-section-height-default elementor-section-height-default\" data-id=\"371b02b\" data-element_type=\"section\" data-e-type=\"section\">\n\t\t\t\t\t\t<div class=\"elementor-container elementor-column-gap-default\">\n\t\t\t\t\t<div class=\"elementor-column elementor-col-100 elementor-top-column elementor-element elementor-element-26546b2\" data-id=\"26546b2\" data-element_type=\"column\" data-e-type=\"column\">\n\t\t\t<div class=\"elementor-widget-wrap elementor-element-populated\">\n\t\t\t\t\t\t<div class=\"elementor-element elementor-element-7170a85 elementor-widget elementor-widget-heading\" data-id=\"7170a85\" data-element_type=\"widget\" data-e-type=\"widget\" data-widget_type=\"heading.default\">\n\t\t\t\t<div class=\"elementor-widget-container\">\n\t\t\t\t\t<h3 class=\"elementor-heading-title elementor-size-default\">Llegaste al lugar indicado para escoger el R\u00f3tulo que necesitas<\/h3>\t\t\t\t<\/div>\n\t\t\t\t<\/div>\n\t\t\t\t<section class=\"elementor-section elementor-inner-section elementor-element elementor-element-491b2fa elementor-section-boxed elementor-section-height-default elementor-section-height-default\" data-id=\"491b2fa\" data-element_type=\"section\" data-e-type=\"section\">\n\t\t\t\t\t\t<div class=\"elementor-container elementor-column-gap-default\">\n\t\t\t\t\t<div class=\"elementor-column elementor-col-50 elementor-inner-column elementor-element elementor-element-fd77663\" data-id=\"fd77663\" data-element_type=\"column\" data-e-type=\"column\">\n\t\t\t<div class=\"elementor-widget-wrap elementor-element-populated\">\n\t\t\t\t\t\t<div class=\"elementor-element elementor-element-26fa25b elementor-widget elementor-widget-heading\" data-id=\"26fa25b\" data-element_type=\"widget\" data-e-type=\"widget\" data-widget_type=\"heading.default\">\n\t\t\t\t<div class=\"elementor-widget-container\">\n\t\t\t\t\t<h3 class=\"elementor-heading-title elementor-size-default\">Letras en Acr\u00edlico<\/h3>\t\t\t\t<\/div>\n\t\t\t\t<\/div>\n\t\t\t\t<div class=\"elementor-element elementor-element-592f8bd elementor-widget elementor-widget-text-editor\" data-id=\"592f8bd\" data-element_type=\"widget\" data-e-type=\"widget\" data-widget_type=\"text-editor.default\">\n\t\t\t\t<div class=\"elementor-widget-container\">\n\t\t\t\t\t\t\t\t\t<p>Uno de los r\u00f3tulos m\u00e1s solicitados por nuestros clientes, son las letras en acr\u00edlico, disponemos opciones econ\u00f3micas, y opciones elaboradas<\/p><ul><li>Cajas acr\u00edlicas<\/li><li>Letras para interiores<\/li><li>Letras para exteriores<\/li><li>Iluminaci\u00f3n externa (Directa)<\/li><li>Iluminaci\u00f3n trasera ( Indirecta)<\/li><li>Doble Iluminaci\u00f3n<\/li><\/ul>\t\t\t\t\t\t\t\t<\/div>\n\t\t\t\t<\/div>\n\t\t\t\t\t<\/div>\n\t\t<\/div>\n\t\t\t\t<div class=\"elementor-column elementor-col-50 elementor-inner-column elementor-element elementor-element-cd43da2\" data-id=\"cd43da2\" data-element_type=\"column\" data-e-type=\"column\">\n\t\t\t<div class=\"elementor-widget-wrap elementor-element-populated\">\n\t\t\t\t\t\t<div class=\"elementor-element elementor-element-8a651eb elementor-arrows-position-inside elementor-pagination-position-outside elementor-widget elementor-widget-image-carousel\" data-id=\"8a651eb\" data-element_type=\"widget\" data-e-type=\"widget\" data-settings=\"{&quot;slides_to_show&quot;:&quot;2&quot;,&quot;navigation&quot;:&quot;both&quot;,&quot;autoplay&quot;:&quot;yes&quot;,&quot;pause_on_hover&quot;:&quot;yes&quot;,&quot;pause_on_interaction&quot;:&quot;yes&quot;,&quot;autoplay_speed&quot;:5000,&quot;infinite&quot;:&quot;yes&quot;,&quot;speed&quot;:500}\" data-widget_type=\"image-carousel.default\">\n\t\t\t\t<div class=\"elementor-widget-container\">\n\t\t\t\t\t\t\t<div class=\"elementor-image-carousel-wrapper swiper\" role=\"region\" aria-roledescription=\"carousel\" aria-label=\"Carrusel de im\u00e1genes\" dir=\"ltr\">\n\t\t\t<div class=\"elementor-image-carousel swiper-wrapper\" aria-live=\"off\">\n\t\t\t\t\t\t\t\t<div class=\"swiper-slide\" role=\"group\" aria-roledescription=\"slide\" aria-label=\"1 de 15\"><figure class=\"swiper-slide-inner\"><img decoding=\"async\" class=\"swiper-slide-image\" src=\"https:\/\/andpublicidad.com\/andwordpress\/wp-content\/uploads\/2022\/04\/Luz-Directa_6-300x300.jpg\" alt=\"Luz Directa_6\" \/><\/figure><\/div><div class=\"swiper-slide\" role=\"group\" aria-roledescription=\"slide\" aria-label=\"2 de 15\"><figure class=\"swiper-slide-inner\"><img decoding=\"async\" class=\"swiper-slide-image\" src=\"https:\/\/andpublicidad.com\/andwordpress\/wp-content\/uploads\/2022\/04\/letras-Acrilico-Luz-Indirecta_2-300x300.jpg\" alt=\"letras Acr\u00edlico Luz Indirecta_2\" \/><\/figure><\/div><div class=\"swiper-slide\" role=\"group\" aria-roledescription=\"slide\" aria-label=\"3 de 15\"><figure class=\"swiper-slide-inner\"><img decoding=\"async\" class=\"swiper-slide-image\" src=\"https:\/\/andpublicidad.com\/andwordpress\/wp-content\/uploads\/2022\/04\/Luz-Directa_5-300x300.jpg\" alt=\"Luz Directa_5\" \/><\/figure><\/div><div class=\"swiper-slide\" role=\"group\" aria-roledescription=\"slide\" aria-label=\"4 de 15\"><figure class=\"swiper-slide-inner\"><img decoding=\"async\" class=\"swiper-slide-image\" src=\"https:\/\/andpublicidad.com\/andwordpress\/wp-content\/uploads\/2022\/04\/letras-Acrilico-doble-luz_2-300x300.jpg\" alt=\"letras Acr\u00edlico doble luz_2\" \/><\/figure><\/div><div class=\"swiper-slide\" role=\"group\" aria-roledescription=\"slide\" aria-label=\"5 de 15\"><figure class=\"swiper-slide-inner\"><img decoding=\"async\" class=\"swiper-slide-image\" src=\"https:\/\/andpublicidad.com\/andwordpress\/wp-content\/uploads\/2022\/04\/Luz-Directa_4-300x300.jpg\" alt=\"Luz Directa_4\" \/><\/figure><\/div><div class=\"swiper-slide\" role=\"group\" aria-roledescription=\"slide\" aria-label=\"6 de 15\"><figure class=\"swiper-slide-inner\"><img decoding=\"async\" class=\"swiper-slide-image\" src=\"https:\/\/andpublicidad.com\/andwordpress\/wp-content\/uploads\/2022\/04\/Luz-Directa_1-300x300.jpg\" alt=\"Luz Directa_1\" \/><\/figure><\/div><div class=\"swiper-slide\" role=\"group\" aria-roledescription=\"slide\" aria-label=\"7 de 15\"><figure class=\"swiper-slide-inner\"><img decoding=\"async\" class=\"swiper-slide-image\" src=\"https:\/\/andpublicidad.com\/andwordpress\/wp-content\/uploads\/2022\/04\/Luz-Directa_3-300x300.jpg\" alt=\"Luz Directa_3\" \/><\/figure><\/div><div class=\"swiper-slide\" role=\"group\" aria-roledescription=\"slide\" aria-label=\"8 de 15\"><figure class=\"swiper-slide-inner\"><img decoding=\"async\" class=\"swiper-slide-image\" src=\"https:\/\/andpublicidad.com\/andwordpress\/wp-content\/uploads\/2022\/04\/letras-Acrilico-doble-luz_3-300x300.jpg\" alt=\"letras Acr\u00edlico doble luz_3\" \/><\/figure><\/div><div class=\"swiper-slide\" role=\"group\" aria-roledescription=\"slide\" aria-label=\"9 de 15\"><figure class=\"swiper-slide-inner\"><img decoding=\"async\" class=\"swiper-slide-image\" src=\"https:\/\/andpublicidad.com\/andwordpress\/wp-content\/uploads\/2022\/04\/Luz-Directa_2-300x300.jpg\" alt=\"Luz Directa_2\" \/><\/figure><\/div><div class=\"swiper-slide\" role=\"group\" aria-roledescription=\"slide\" aria-label=\"10 de 15\"><figure class=\"swiper-slide-inner\"><img decoding=\"async\" class=\"swiper-slide-image\" src=\"https:\/\/andpublicidad.com\/andwordpress\/wp-content\/uploads\/2022\/04\/letras-Acrilico-doble-luz_1-300x300.jpg\" alt=\"letras Acr\u00edlico doble luz_1\" \/><\/figure><\/div><div class=\"swiper-slide\" role=\"group\" aria-roledescription=\"slide\" aria-label=\"11 de 15\"><figure class=\"swiper-slide-inner\"><img decoding=\"async\" class=\"swiper-slide-image\" src=\"https:\/\/andpublicidad.com\/andwordpress\/wp-content\/uploads\/2022\/04\/letras-Acrilico-Luz-Indirecta_5-300x300.jpg\" alt=\"letras Acr\u00edlico Luz Indirecta_5\" \/><\/figure><\/div><div class=\"swiper-slide\" role=\"group\" aria-roledescription=\"slide\" aria-label=\"12 de 15\"><figure class=\"swiper-slide-inner\"><img decoding=\"async\" class=\"swiper-slide-image\" src=\"https:\/\/andpublicidad.com\/andwordpress\/wp-content\/uploads\/2022\/04\/letras-Acrilico-Luz-Indirecta_4-300x300.jpg\" alt=\"letras Acr\u00edlico Luz Indirecta_4\" \/><\/figure><\/div><div class=\"swiper-slide\" role=\"group\" aria-roledescription=\"slide\" aria-label=\"13 de 15\"><figure class=\"swiper-slide-inner\"><img decoding=\"async\" class=\"swiper-slide-image\" src=\"https:\/\/andpublicidad.com\/andwordpress\/wp-content\/uploads\/2022\/04\/letras-Acrilico-Luz-Indirecta_3-300x300.jpg\" alt=\"letras Acr\u00edlico Luz Indirecta_3\" \/><\/figure><\/div><div class=\"swiper-slide\" role=\"group\" aria-roledescription=\"slide\" aria-label=\"14 de 15\"><figure class=\"swiper-slide-inner\"><img decoding=\"async\" class=\"swiper-slide-image\" src=\"https:\/\/andpublicidad.com\/andwordpress\/wp-content\/uploads\/2022\/04\/letras-Acrilico-Luz-Indirecta_1-300x300.jpg\" alt=\"letras Acr\u00edlico Luz Indirecta_1\" \/><\/figure><\/div><div class=\"swiper-slide\" role=\"group\" aria-roledescription=\"slide\" aria-label=\"15 de 15\"><figure class=\"swiper-slide-inner\"><img decoding=\"async\" class=\"swiper-slide-image\" src=\"https:\/\/andpublicidad.com\/andwordpress\/wp-content\/uploads\/2022\/04\/letras-Acrilico-doble-luz_4-300x300.jpg\" alt=\"letras Acr\u00edlico doble luz_4\" \/><\/figure><\/div>\t\t\t<\/div>\n\t\t\t\t\t\t\t\t\t\t\t\t<div class=\"elementor-swiper-button elementor-swiper-button-prev\" role=\"button\" tabindex=\"0\">\n\t\t\t\t\t\t<i aria-hidden=\"true\" class=\"eicon-chevron-left\"><\/i>\t\t\t\t\t<\/div>\n\t\t\t\t\t<div class=\"elementor-swiper-button elementor-swiper-button-next\" role=\"button\" tabindex=\"0\">\n\t\t\t\t\t\t<i aria-hidden=\"true\" class=\"eicon-chevron-right\"><\/i>\t\t\t\t\t<\/div>\n\t\t\t\t\n\t\t\t\t\t\t\t\t\t<div class=\"swiper-pagination\"><\/div>\n\t\t\t\t\t\t\t\t\t<\/div>\n\t\t\t\t\t\t<\/div>\n\t\t\t\t<\/div>\n\t\t\t\t\t<\/div>\n\t\t<\/div>\n\t\t\t\t\t<\/div>\n\t\t<\/section>\n\t\t\t\t\t<\/div>\n\t\t<\/div>\n\t\t\t\t\t<\/div>\n\t\t<\/section>\n\t\t\t\t<\/div>\n\t\t","protected":false},"excerpt":{"rendered":"<p>Llegaste al lugar indicado para escoger el R\u00f3tulo que necesitas Letras en Acr\u00edlico Uno de los r\u00f3tulos m\u00e1s solicitados por nuestros clientes, son las letras en acr\u00edlico, disponemos opciones econ\u00f3micas, y opciones elaboradas Cajas acr\u00edlicas Letras para interiores Letras para exteriores Iluminaci\u00f3n externa (Directa) Iluminaci\u00f3n trasera ( Indirecta) Doble Iluminaci\u00f3n Anterior Siguiente<\/p>\n","protected":false},"author":1,"featured_media":0,"parent":0,"menu_order":0,"comment_status":"closed","ping_status":"closed","template":"full-width-page.php","meta":{"_joinchat":{"telephone":"+593983428093","message_text":"Cotiza por Whatsapp","message_send":"Hola deseo informaci\u00f3n publicitaria sobre"},"footnotes":""},"yst_prominent_words":[],"class_list":["post-563","page","type-page","status-publish","hentry"],"_links":{"self":[{"href":"https:\/\/andpublicidad.com\/andwordpress\/wp-json\/wp\/v2\/pages\/563","targetHints":{"allow":["GET"]}}],"collection":[{"href":"https:\/\/andpublicidad.com\/andwordpress\/wp-json\/wp\/v2\/pages"}],"about":[{"href":"https:\/\/andpublicidad.com\/andwordpress\/wp-json\/wp\/v2\/types\/page"}],"author":[{"embeddable":true,"href":"https:\/\/andpublicidad.com\/andwordpress\/wp-json\/wp\/v2\/users\/1"}],"replies":[{"embeddable":true,"href":"https:\/\/andpublicidad.com\/andwordpress\/wp-json\/wp\/v2\/comments?post=563"}],"version-history":[{"count":56,"href":"https:\/\/andpublicidad.com\/andwordpress\/wp-json\/wp\/v2\/pages\/563\/revisions"}],"predecessor-version":[{"id":2947,"href":"https:\/\/andpublicidad.com\/andwordpress\/wp-json\/wp\/v2\/pages\/563\/revisions\/2947"}],"wp:attachment":[{"href":"https:\/\/andpublicidad.com\/andwordpress\/wp-json\/wp\/v2\/media?parent=563"}],"wp:term":[{"taxonomy":"yst_prominent_words","embeddable":true,"href":"https:\/\/andpublicidad.com\/andwordpress\/wp-json\/wp\/v2\/yst_prominent_words?post=563"}],"curies":[{"name":"wp","href":"https:\/\/api.w.org\/{rel}","templated":true}]}}