{"id":267,"date":"2017-08-03T21:16:24","date_gmt":"2017-08-03T21:16:24","guid":{"rendered":"https:\/\/andpublicidad.com\/wordpressand\/?page_id=267"},"modified":"2022-04-25T07:17:43","modified_gmt":"2022-04-25T07:17:43","slug":"productos","status":"publish","type":"page","link":"https:\/\/andpublicidad.com\/andwordpress\/productos\/","title":{"rendered":"Productos Publicitarios"},"content":{"rendered":"\t\t<div data-elementor-type=\"wp-page\" data-elementor-id=\"267\" class=\"elementor elementor-267\">\n\t\t\t\t\t\t<section class=\"elementor-section elementor-top-section elementor-element elementor-element-6ee17ced elementor-section-boxed elementor-section-height-default elementor-section-height-default\" data-id=\"6ee17ced\" data-element_type=\"section\" data-e-type=\"section\">\n\t\t\t\t\t\t<div class=\"elementor-container elementor-column-gap-default\">\n\t\t\t\t\t<div class=\"elementor-column elementor-col-100 elementor-top-column elementor-element elementor-element-271756ab\" data-id=\"271756ab\" data-element_type=\"column\" data-e-type=\"column\">\n\t\t\t<div class=\"elementor-widget-wrap elementor-element-populated\">\n\t\t\t\t\t\t<div class=\"elementor-element elementor-element-234a57e elementor-widget elementor-widget-image\" data-id=\"234a57e\" data-element_type=\"widget\" data-e-type=\"widget\" data-widget_type=\"image.default\">\n\t\t\t\t<div class=\"elementor-widget-container\">\n\t\t\t\t\t\t\t\t\t\t\t\t\t\t\t<img fetchpriority=\"high\" decoding=\"async\" width=\"640\" height=\"400\" src=\"https:\/\/andpublicidad.com\/andwordpress\/wp-content\/uploads\/2022\/04\/publicidad-digital.jpg\" class=\"attachment-large size-large wp-image-2539\" alt=\"Productos Publicitarios\" srcset=\"https:\/\/andpublicidad.com\/andwordpress\/wp-content\/uploads\/2022\/04\/publicidad-digital.jpg 800w, https:\/\/andpublicidad.com\/andwordpress\/wp-content\/uploads\/2022\/04\/publicidad-digital-300x188.jpg 300w, https:\/\/andpublicidad.com\/andwordpress\/wp-content\/uploads\/2022\/04\/publicidad-digital-768x480.jpg 768w\" sizes=\"(max-width: 640px) 100vw, 640px\" \/>\t\t\t\t\t\t\t\t\t\t\t\t\t\t\t<\/div>\n\t\t\t\t<\/div>\n\t\t\t\t<section class=\"elementor-section elementor-inner-section elementor-element elementor-element-acf32f6 elementor-section-boxed elementor-section-height-default elementor-section-height-default\" data-id=\"acf32f6\" data-element_type=\"section\" data-e-type=\"section\">\n\t\t\t\t\t\t<div class=\"elementor-container elementor-column-gap-default\">\n\t\t\t\t\t<div class=\"elementor-column elementor-col-50 elementor-inner-column elementor-element elementor-element-8e38b04\" data-id=\"8e38b04\" data-element_type=\"column\" data-e-type=\"column\">\n\t\t\t<div class=\"elementor-widget-wrap elementor-element-populated\">\n\t\t\t\t\t\t<div class=\"elementor-element elementor-element-7cb5cf2 elementor-position-left elementor-vertical-align-top elementor-widget elementor-widget-image-box\" data-id=\"7cb5cf2\" data-element_type=\"widget\" data-e-type=\"widget\" data-widget_type=\"image-box.default\">\n\t\t\t\t<div class=\"elementor-widget-container\">\n\t\t\t\t\t<div class=\"elementor-image-box-wrapper\"><figure class=\"elementor-image-box-img\"><a href=\"https:\/\/www.andpublicidad.com\/andwordpress\/?page_id=597\" tabindex=\"-1\"><img decoding=\"async\" width=\"270\" height=\"222\" src=\"https:\/\/andpublicidad.com\/andwordpress\/wp-content\/uploads\/2020\/10\/vinil-2.jpg\" class=\"attachment-full size-full wp-image-1450\" alt=\"Vinil Publicitario\" \/><\/a><\/figure><div class=\"elementor-image-box-content\"><h4 class=\"elementor-image-box-title\"><a href=\"https:\/\/www.andpublicidad.com\/andwordpress\/?page_id=597\">Impresi\u00f3n en Lona \/ Gigantograf\u00edas<\/a><\/h4><p class=\"elementor-image-box-description\">Tenemos el servicio de impresi\u00f3n de gigantograf\u00edas con excelente calidad y precios convenientes<\/p><\/div><\/div>\t\t\t\t<\/div>\n\t\t\t\t<\/div>\n\t\t\t\t\t<\/div>\n\t\t<\/div>\n\t\t\t\t<div class=\"elementor-column elementor-col-50 elementor-inner-column elementor-element elementor-element-5138454\" data-id=\"5138454\" data-element_type=\"column\" data-e-type=\"column\">\n\t\t\t<div class=\"elementor-widget-wrap elementor-element-populated\">\n\t\t\t\t\t\t<div class=\"elementor-element elementor-element-ebb4465 elementor-position-left elementor-vertical-align-top elementor-widget elementor-widget-image-box\" data-id=\"ebb4465\" data-element_type=\"widget\" data-e-type=\"widget\" data-widget_type=\"image-box.default\">\n\t\t\t\t<div class=\"elementor-widget-container\">\n\t\t\t\t\t<div class=\"elementor-image-box-wrapper\"><figure class=\"elementor-image-box-img\"><a href=\"https:\/\/www.andpublicidad.com\/andwordpress\/?page_id=737\" tabindex=\"-1\"><img decoding=\"async\" width=\"600\" height=\"600\" src=\"https:\/\/andpublicidad.com\/andwordpress\/wp-content\/uploads\/2022\/04\/esmerilado-web2.jpg\" class=\"attachment-full size-full wp-image-2240\" alt=\"Arenado Esmerilado\" srcset=\"https:\/\/andpublicidad.com\/andwordpress\/wp-content\/uploads\/2022\/04\/esmerilado-web2.jpg 600w, https:\/\/andpublicidad.com\/andwordpress\/wp-content\/uploads\/2022\/04\/esmerilado-web2-300x300.jpg 300w, https:\/\/andpublicidad.com\/andwordpress\/wp-content\/uploads\/2022\/04\/esmerilado-web2-150x150.jpg 150w\" sizes=\"(max-width: 600px) 100vw, 600px\" \/><\/a><\/figure><div class=\"elementor-image-box-content\"><h4 class=\"elementor-image-box-title\"><a href=\"https:\/\/www.andpublicidad.com\/andwordpress\/?page_id=737\">Vinil Arenado \/ Esmerilado<\/a><\/h4><p class=\"elementor-image-box-description\">\u00bfBuscas privacidad en tus ambientes? Este es el producto que estas buscando ideal para sala de reuniones<\/p><\/div><\/div>\t\t\t\t<\/div>\n\t\t\t\t<\/div>\n\t\t\t\t\t<\/div>\n\t\t<\/div>\n\t\t\t\t\t<\/div>\n\t\t<\/section>\n\t\t\t\t<section class=\"elementor-section elementor-inner-section elementor-element elementor-element-e5220d6 elementor-section-boxed elementor-section-height-default elementor-section-height-default\" data-id=\"e5220d6\" data-element_type=\"section\" data-e-type=\"section\">\n\t\t\t\t\t\t<div class=\"elementor-container elementor-column-gap-default\">\n\t\t\t\t\t<div class=\"elementor-column elementor-col-50 elementor-inner-column elementor-element elementor-element-7ef1b99\" data-id=\"7ef1b99\" data-element_type=\"column\" data-e-type=\"column\">\n\t\t\t<div class=\"elementor-widget-wrap elementor-element-populated\">\n\t\t\t\t\t\t<div class=\"elementor-element elementor-element-c283a68 elementor-position-left elementor-vertical-align-top elementor-widget elementor-widget-image-box\" data-id=\"c283a68\" data-element_type=\"widget\" data-e-type=\"widget\" data-widget_type=\"image-box.default\">\n\t\t\t\t<div class=\"elementor-widget-container\">\n\t\t\t\t\t<div class=\"elementor-image-box-wrapper\"><figure class=\"elementor-image-box-img\"><a href=\"https:\/\/www.andpublicidad.com\/andwordpress\/?page_id=66\" tabindex=\"-1\"><img decoding=\"async\" src=\"https:\/\/andpublicidad.com\/andwordpress\/wp-content\/uploads\/elementor\/thumbs\/micro-and-publicidadpreview-pnkjiat3579s7g3afapfsmy1oc36zrmjmwdcx6sq5s.jpg\" title=\"micro and publicidadpreview\" alt=\"Microperforado\" loading=\"lazy\" \/><\/a><\/figure><div class=\"elementor-image-box-content\"><h4 class=\"elementor-image-box-title\"><a href=\"https:\/\/www.andpublicidad.com\/andwordpress\/?page_id=66\">Vinil Microperforado<\/a><\/h4><p class=\"elementor-image-box-description\">Decora tu espacio de trabajo  con este material que te permite mostrar una imagen por fuera sin bloquear la visi\u00f3n desde el interior<\/p><\/div><\/div>\t\t\t\t<\/div>\n\t\t\t\t<\/div>\n\t\t\t\t\t<\/div>\n\t\t<\/div>\n\t\t\t\t<div class=\"elementor-column elementor-col-50 elementor-inner-column elementor-element elementor-element-0ac5edc\" data-id=\"0ac5edc\" data-element_type=\"column\" data-e-type=\"column\">\n\t\t\t<div class=\"elementor-widget-wrap elementor-element-populated\">\n\t\t\t\t\t\t<div class=\"elementor-element elementor-element-2e3f69d elementor-position-left elementor-vertical-align-top elementor-widget elementor-widget-image-box\" data-id=\"2e3f69d\" data-element_type=\"widget\" data-e-type=\"widget\" data-widget_type=\"image-box.default\">\n\t\t\t\t<div class=\"elementor-widget-container\">\n\t\t\t\t\t<div class=\"elementor-image-box-wrapper\"><figure class=\"elementor-image-box-img\"><a href=\"https:\/\/www.andpublicidad.com\/andwordpress\/?page_id=72\" tabindex=\"-1\"><img decoding=\"async\" src=\"https:\/\/andpublicidad.com\/andwordpress\/wp-content\/uploads\/elementor\/thumbs\/vinil-principal-scaled-pno2g2u1cyycfq8e4lxnxgwpy08ctdbvx7auhn53sg.jpg\" title=\"vinil principal\" alt=\"Decoraci\u00f3n Vinil\" loading=\"lazy\" \/><\/a><\/figure><div class=\"elementor-image-box-content\"><h4 class=\"elementor-image-box-title\"><a href=\"https:\/\/www.andpublicidad.com\/andwordpress\/?page_id=72\">Decoraci\u00f3n Murales y ambientes con vinil<\/a><\/h4><p class=\"elementor-image-box-description\">Decora todo lo que quieras con nuestros diferentes tipos de viniles, murales ambientes de trabajo, dormitorios etc., el l\u00edmite es tu imaginaci\u00f3n dale un toque diferente a tus espacios<\/p><\/div><\/div>\t\t\t\t<\/div>\n\t\t\t\t<\/div>\n\t\t\t\t\t<\/div>\n\t\t<\/div>\n\t\t\t\t\t<\/div>\n\t\t<\/section>\n\t\t\t\t<section class=\"elementor-section elementor-inner-section elementor-element elementor-element-da55939 elementor-section-boxed elementor-section-height-default elementor-section-height-default\" data-id=\"da55939\" data-element_type=\"section\" data-e-type=\"section\">\n\t\t\t\t\t\t<div class=\"elementor-container elementor-column-gap-default\">\n\t\t\t\t\t<div class=\"elementor-column elementor-col-50 elementor-inner-column elementor-element elementor-element-1485686\" data-id=\"1485686\" data-element_type=\"column\" data-e-type=\"column\">\n\t\t\t<div class=\"elementor-widget-wrap elementor-element-populated\">\n\t\t\t\t\t\t<div class=\"elementor-element elementor-element-ae34097 elementor-position-left elementor-vertical-align-top elementor-widget elementor-widget-image-box\" data-id=\"ae34097\" data-element_type=\"widget\" data-e-type=\"widget\" data-widget_type=\"image-box.default\">\n\t\t\t\t<div class=\"elementor-widget-container\">\n\t\t\t\t\t<div class=\"elementor-image-box-wrapper\"><figure class=\"elementor-image-box-img\"><a href=\"https:\/\/www.andpublicidad.com\/andwordpress\/?page_id=769\" tabindex=\"-1\"><img loading=\"lazy\" decoding=\"async\" width=\"300\" height=\"300\" src=\"https:\/\/andpublicidad.com\/andwordpress\/wp-content\/uploads\/2022\/04\/caja-carilica_4.jpg\" class=\"attachment-full size-full wp-image-2519\" alt=\"\" srcset=\"https:\/\/andpublicidad.com\/andwordpress\/wp-content\/uploads\/2022\/04\/caja-carilica_4.jpg 300w, https:\/\/andpublicidad.com\/andwordpress\/wp-content\/uploads\/2022\/04\/caja-carilica_4-150x150.jpg 150w\" sizes=\"(max-width: 300px) 100vw, 300px\" \/><\/a><\/figure><div class=\"elementor-image-box-content\"><h4 class=\"elementor-image-box-title\"><a href=\"https:\/\/www.andpublicidad.com\/andwordpress\/?page_id=769\">Rotulaci\u00f3n \/ Cajas de Luz<\/a><\/h4><p class=\"elementor-image-box-description\">Buscas un r\u00f3tulo tradicional econ\u00f3mico llegaste a la secci\u00f3n indicada disponemos de bastidores, cajas de luz a excelentes precio<\/p><\/div><\/div>\t\t\t\t<\/div>\n\t\t\t\t<\/div>\n\t\t\t\t\t<\/div>\n\t\t<\/div>\n\t\t\t\t<div class=\"elementor-column elementor-col-50 elementor-inner-column elementor-element elementor-element-424cd8d\" data-id=\"424cd8d\" data-element_type=\"column\" data-e-type=\"column\">\n\t\t\t<div class=\"elementor-widget-wrap elementor-element-populated\">\n\t\t\t\t\t\t<div class=\"elementor-element elementor-element-98cbc98 elementor-position-left elementor-vertical-align-top elementor-widget elementor-widget-image-box\" data-id=\"98cbc98\" data-element_type=\"widget\" data-e-type=\"widget\" data-widget_type=\"image-box.default\">\n\t\t\t\t<div class=\"elementor-widget-container\">\n\t\t\t\t\t<div class=\"elementor-image-box-wrapper\"><figure class=\"elementor-image-box-img\"><a href=\"https:\/\/www.andpublicidad.com\/andwordpress\/?page_id=798\" tabindex=\"-1\"><img loading=\"lazy\" decoding=\"async\" width=\"1200\" height=\"1200\" src=\"https:\/\/andpublicidad.com\/andwordpress\/wp-content\/uploads\/2020\/05\/servicio-de-brandeo-auto-decorado-de-vehiculos-rotulacion-D_NQ_NP_716977-MEC27513983915_062018-F.jpg\" class=\"attachment-full size-full wp-image-1323\" alt=\"\" srcset=\"https:\/\/andpublicidad.com\/andwordpress\/wp-content\/uploads\/2020\/05\/servicio-de-brandeo-auto-decorado-de-vehiculos-rotulacion-D_NQ_NP_716977-MEC27513983915_062018-F.jpg 1200w, https:\/\/andpublicidad.com\/andwordpress\/wp-content\/uploads\/2020\/05\/servicio-de-brandeo-auto-decorado-de-vehiculos-rotulacion-D_NQ_NP_716977-MEC27513983915_062018-F-300x300.jpg 300w, https:\/\/andpublicidad.com\/andwordpress\/wp-content\/uploads\/2020\/05\/servicio-de-brandeo-auto-decorado-de-vehiculos-rotulacion-D_NQ_NP_716977-MEC27513983915_062018-F-1024x1024.jpg 1024w, https:\/\/andpublicidad.com\/andwordpress\/wp-content\/uploads\/2020\/05\/servicio-de-brandeo-auto-decorado-de-vehiculos-rotulacion-D_NQ_NP_716977-MEC27513983915_062018-F-150x150.jpg 150w, https:\/\/andpublicidad.com\/andwordpress\/wp-content\/uploads\/2020\/05\/servicio-de-brandeo-auto-decorado-de-vehiculos-rotulacion-D_NQ_NP_716977-MEC27513983915_062018-F-768x768.jpg 768w\" sizes=\"(max-width: 1200px) 100vw, 1200px\" \/><\/a><\/figure><div class=\"elementor-image-box-content\"><h4 class=\"elementor-image-box-title\"><a href=\"https:\/\/www.andpublicidad.com\/andwordpress\/?page_id=798\">Brandeo de Vehiculos<\/a><\/h4><p class=\"elementor-image-box-description\">\u00bfBuscas privacidad en tus ambientes? Este es el producto que estas buscando ideal para sala de reuniones<\/p><\/div><\/div>\t\t\t\t<\/div>\n\t\t\t\t<\/div>\n\t\t\t\t\t<\/div>\n\t\t<\/div>\n\t\t\t\t\t<\/div>\n\t\t<\/section>\n\t\t\t\t<div class=\"elementor-element elementor-element-5400dd61 elementor-widget elementor-widget-text-editor\" data-id=\"5400dd61\" data-element_type=\"widget\" data-e-type=\"widget\" data-widget_type=\"text-editor.default\">\n\t\t\t\t<div class=\"elementor-widget-container\">\n\t\t\t\t\t\t\t\t\tA.N.D. Publicidad pone a su disposici\u00f3n los siguientes productos y servicios\n<ul>\n \t<li><a href=\"https:\/\/andpublicidad.com\/andwordpress\/?page_id=608\">Servicio de Impresi\u00f3n Digital (Impresi\u00f3n Lona, Impresion en Vinil Microperforado, Backlight y m\u00e1s )<\/a><\/li>\n \t<li><a href=\"https:\/\/andpublicidad.com\/andwordpress\/?page_id=765\">Rotulaci\u00f3n (Cajas de Luz, Letrs en Bloque o 3D Cuadros Met\u00e1licos)<\/a><\/li>\n \t<li><a href=\"https:\/\/andpublicidad.com\/andwordpress\/?page_id=68\">Se\u00f1al\u00e9tica<\/a><\/li>\n \t<li><a href=\"https:\/\/andpublicidad.com\/andwordpress\/?page_id=46\">Exhibidores Stands Publicitarios (Roll Ups \/ Banner x \/ Poppup y m\u00e1s)<\/a><\/li>\n \t<li><a href=\"https:\/\/andpublicidad.com\/andwordpress\/?page_id=544\">Marketing Digital (Adwords (Ahora Google Ads), Publicidad en Facebook, Dise\u00f1o de Estrategias y Manejo de Estadisticas)<\/a><\/li>\n \t<li><a href=\"https:\/\/andpublicidad.com\/andwordpress\/?page_id=418\">Elementos Publicitarios (gorras, jarros y m\u00e1s<\/a>)<\/li>\n \t<li><a href=\"https:\/\/andpublicidad.com\/andwordpress\/?page_id=478\">Servicio de Dise\u00f1o Gr\u00e1fico Profesional<\/a><\/li>\n<\/ul>\n&nbsp;\t\t\t\t\t\t\t\t<\/div>\n\t\t\t\t<\/div>\n\t\t\t\t\t<\/div>\n\t\t<\/div>\n\t\t\t\t\t<\/div>\n\t\t<\/section>\n\t\t\t\t<\/div>\n\t\t","protected":false},"excerpt":{"rendered":"<p>Impresi\u00f3n en Lona \/ Gigantograf\u00edas Tenemos el servicio de impresi\u00f3n de gigantograf\u00edas con excelente calidad y precios convenientes Vinil Arenado \/ Esmerilado \u00bfBuscas privacidad en tus ambientes? Este es el producto que estas buscando ideal para sala de reuniones Vinil Microperforado Decora tu espacio de trabajo con este material que te permite mostrar una imagen [&hellip;]<\/p>\n","protected":false},"author":1,"featured_media":0,"parent":0,"menu_order":2,"comment_status":"open","ping_status":"open","template":"full-width-page.php","meta":{"_joinchat":[],"footnotes":""},"yst_prominent_words":[63,228,12,13],"class_list":["post-267","page","type-page","status-publish","hentry"],"_links":{"self":[{"href":"https:\/\/andpublicidad.com\/andwordpress\/wp-json\/wp\/v2\/pages\/267","targetHints":{"allow":["GET"]}}],"collection":[{"href":"https:\/\/andpublicidad.com\/andwordpress\/wp-json\/wp\/v2\/pages"}],"about":[{"href":"https:\/\/andpublicidad.com\/andwordpress\/wp-json\/wp\/v2\/types\/page"}],"author":[{"embeddable":true,"href":"https:\/\/andpublicidad.com\/andwordpress\/wp-json\/wp\/v2\/users\/1"}],"replies":[{"embeddable":true,"href":"https:\/\/andpublicidad.com\/andwordpress\/wp-json\/wp\/v2\/comments?post=267"}],"version-history":[{"count":28,"href":"https:\/\/andpublicidad.com\/andwordpress\/wp-json\/wp\/v2\/pages\/267\/revisions"}],"predecessor-version":[{"id":2640,"href":"https:\/\/andpublicidad.com\/andwordpress\/wp-json\/wp\/v2\/pages\/267\/revisions\/2640"}],"wp:attachment":[{"href":"https:\/\/andpublicidad.com\/andwordpress\/wp-json\/wp\/v2\/media?parent=267"}],"wp:term":[{"taxonomy":"yst_prominent_words","embeddable":true,"href":"https:\/\/andpublicidad.com\/andwordpress\/wp-json\/wp\/v2\/yst_prominent_words?post=267"}],"curies":[{"name":"wp","href":"https:\/\/api.w.org\/{rel}","templated":true}]}}